{"id":311,"date":"2026-01-25T10:19:19","date_gmt":"2026-01-25T09:19:19","guid":{"rendered":"https:\/\/bigwa.web.th-koeln.de\/wordpress\/?page_id=311"},"modified":"2026-01-25T13:25:20","modified_gmt":"2026-01-25T12:25:20","slug":"forschungsschwerpunkt-risiko-resilienz-und-transformation","status":"publish","type":"page","link":"https:\/\/bigwa.web.th-koeln.de\/wordpress\/?page_id=311","title":{"rendered":"Bev\u00f6lkerungs- und Katastrophenschutz"},"content":{"rendered":"\n<p><strong>Kompetenzen <\/strong><br>&#8211; <a href=\"https:\/\/riskncrisis.wordpress.com\">Team Risk, Crisis &amp; Disaster Management<\/a> <br>&#8211; <a href=\"https:\/\/riskncrisis.wordpress.com\/risk-rescue-gis-lab\/\">Risk &amp; Rescue GIS Lab<\/a><br>&#8211; <a href=\"https:\/\/www.th-koeln.de\/anlagen-energie-und-maschinensysteme\/institut-fuer-rettungsingenieurwesen-und-gefahrenabwehr_13269.php\">Institut f\u00fcr Rettungsingenieurwesen und Gefahrenabwehr<\/a><\/p>\n\n\n\n<p><strong>Ansprechpartner<\/strong><br>Prof. Dr. Alexander Fekete (Naturgefahren, KRITIS, Bev\u00f6lkerungsschutz)<br>Prof. Dr. Ompe Aime Mudimu (Drohnen, \u00dcbungen, Technologien)<br>Ilona Arcaro (Weiterbildung)<br>Chris Hetk\u00e4mper (Young Scholars, Akteursmapping, Transfer)<\/p>\n\n\n\n<p><strong>Inhalt<\/strong><br>Der Bev\u00f6lkerungsschutz ist auf Ebene der Kommunen, der L\u00e4nder und des Bundes in einem tiefgreifenden Strukturwandel, der als solcher weder \u00f6ffentlich bekannt noch wissenschaftlich untersucht wird. Neben dem Anstieg des Lebensdurchschnittsalters und dem Geburtenr\u00fcckgang ist unter gesellschaftlichem Wandel auch eine steigende Heterogenit\u00e4t der Gesellschaft durch Migration zu verstehen. Die ver\u00e4nderte Gesellschaftsstruktur stellt die operative Gefahrenabwehr vor neue Aufgaben, da der heutige Bev\u00f6lkerungsschutz in gro\u00dfen Teilen durch ehrenamtliche Kr\u00e4fte der Hilfsorganisationen, wie etwa freiwillige Feuerwehren und THW, gew\u00e4hrleistet wird. Dieses Engagement unterliegt jedoch durch den strukturellen, gesellschaftlichen Wandel einer abnehmenden Tendenz und l\u00e4sst die Notwendigkeit konzeptioneller und technologischer L\u00f6sungen steigen. Innovative IT-Systeme, wie etwa ein vernetztes Alarmierungssystem, k\u00f6nnen dazu beitragen, die Kommunikation und B\u00fcndelung von Einsatzkr\u00e4ften im Gro\u00dfschadensfall zu sichern. Um dem Mitgliederschwund in den Organisationen entgegenzuwirken, ist die Gewinnung und Ausbildung von Nachwuchskr\u00e4ften eine wichtige Aufgabe. Hier soll das Potential der heterogenen Gesellschaft genutzt werden, indem sprachliche und (inter)kulturelle Integration und Inklusion gef\u00f6rdert werden.<br>Durch das Zusammenwirken der vier Disziplinen Angewandte Sozialwissenschaften, Rettungsingenieurwesen, Kommunikationswissenschaften und Informatik\/Kommunikationstechnik wird es m\u00f6glich, den Zusammenhang von gesellschaftlichem Wandel und Bev\u00f6lkerungsschutz in seiner Komplexit\u00e4t differenziert zu erfassen. Durch den interdisziplin\u00e4ren Forschungsansatz wird ein innovativer Perspektivenwechsel erm\u00f6glicht, der von drei erweiterten Herangehensweisen gepr\u00e4gt ist:<\/p>\n\n\n\n<p>Der Blickwinkel wird nicht auf die beruflichen Einsatzkr\u00e4fte im Bev\u00f6lkerungsschutz beschr\u00e4nkt, sondern wird systemisch auf die Akteursfelder der verschiedenen Altersgruppen der Bev\u00f6lkerung, auf die lokalen Stakeholder (z.B. Stadtverwaltungen, Wirtschaft) und die Freiwilligendienste ausgeweitet.<br>Der Handlungskontext wird nicht auf die Intervention im akuten Schutzfall&nbsp; beschr\u00e4nkt, sondern eine umfassende (integrative) Prozessperspektive eingenommen, die sich auf das Kontinuum von Pr\u00e4vention und Intervention bezieht.<br>Es wird ein r\u00e4umlich differenzierender Blickwinkel eingenommen, um relevante Differenzen zwischen l\u00e4ndlichen, peripheren Regionen und Stadtregionen als Kontextmerkmale angemessen ber\u00fccksichtigen zu k\u00f6nnen.<br>Handlungsfelder sind, u.a. \u201eGesellschaftsstruktur und Governance\u201c, \u201eEinsatzkr\u00e4fte und Schutzziele im Bev\u00f6lkerungsschutz\u201c und \u201eInnovative IT-Entwicklungen\u201c.<\/p>\n\n\n\n<p>Seit 2016 bearbeiten wir dieses Schwerpunktthema auch schon unter dem <strong>Vorg\u00e4nger-Forschungsschwerpunkt: Bev\u00f6lkerungsschutz im gesellschaftlichen und technologischen Wandel &#8211; BigWa<\/strong>. <a href=\"https:\/\/bigwa.web.th-koeln.de\/wordpress\/?page_id=13\" data-type=\"page\" data-id=\"13\">Weitere Informationen zu BigWa<\/a> (2016-2026)<\/p>\n\n\n\n<p>English Summary &#8211; <a href=\"https:\/\/bigwa.web.th-koeln.de\/wordpress\/?page_id=65\" data-type=\"page\" data-id=\"65\">Civil Protection<\/a><\/p>\n\n\n\n<p><\/p>\n","protected":false},"excerpt":{"rendered":"<div class=\"entry-summary\">\nKompetenzen &#8211; Team Risk, Crisis &amp; Disaster Management &#8211; Risk &amp; Rescue GIS Lab&#8211; Institut f\u00fcr Rettungsingenieurwesen und Gefahrenabwehr AnsprechpartnerProf. Dr. Alexander Fekete (Naturgefahren, KRITIS, Bev\u00f6lkerungsschutz)Prof. Dr. Ompe Aime Mudimu (Drohnen, \u00dcbungen, Technologien)Ilona Arcaro (Weiterbildung)Chris Hetk\u00e4mper (Young Scholars, Akteursmapping, Transfer)&hellip;\n<\/div>\n<div class=\"link-more\"><a href=\"https:\/\/bigwa.web.th-koeln.de\/wordpress\/?page_id=311\" class=\"more-link\"><span class=\"screen-reader-text\"> &ldquo;Bev\u00f6lkerungs- und Katastrophenschutz&rdquo;<\/span> weiterlesen\u00a0&hellip;<\/a><\/div>\n","protected":false},"author":1,"featured_media":0,"parent":0,"menu_order":0,"comment_status":"closed","ping_status":"closed","template":"","meta":{"footnotes":""},"class_list":["post-311","page","type-page","status-publish","hentry","entry"],"_links":{"self":[{"href":"https:\/\/bigwa.web.th-koeln.de\/wordpress\/index.php?rest_route=\/wp\/v2\/pages\/311","targetHints":{"allow":["GET"]}}],"collection":[{"href":"https:\/\/bigwa.web.th-koeln.de\/wordpress\/index.php?rest_route=\/wp\/v2\/pages"}],"about":[{"href":"https:\/\/bigwa.web.th-koeln.de\/wordpress\/index.php?rest_route=\/wp\/v2\/types\/page"}],"author":[{"embeddable":true,"href":"https:\/\/bigwa.web.th-koeln.de\/wordpress\/index.php?rest_route=\/wp\/v2\/users\/1"}],"replies":[{"embeddable":true,"href":"https:\/\/bigwa.web.th-koeln.de\/wordpress\/index.php?rest_route=%2Fwp%2Fv2%2Fcomments&post=311"}],"version-history":[{"count":6,"href":"https:\/\/bigwa.web.th-koeln.de\/wordpress\/index.php?rest_route=\/wp\/v2\/pages\/311\/revisions"}],"predecessor-version":[{"id":362,"href":"https:\/\/bigwa.web.th-koeln.de\/wordpress\/index.php?rest_route=\/wp\/v2\/pages\/311\/revisions\/362"}],"wp:attachment":[{"href":"https:\/\/bigwa.web.th-koeln.de\/wordpress\/index.php?rest_route=%2Fwp%2Fv2%2Fmedia&parent=311"}],"curies":[{"name":"wp","href":"https:\/\/api.w.org\/{rel}","templated":true}]}}