{"id":234,"date":"2019-10-13T14:15:06","date_gmt":"2019-10-13T12:15:06","guid":{"rendered":"https:\/\/bigwa.web.th-koeln.de\/wordpress\/?page_id=234"},"modified":"2026-01-25T15:56:30","modified_gmt":"2026-01-25T14:56:30","slug":"publikationen","status":"publish","type":"page","link":"https:\/\/bigwa.web.th-koeln.de\/wordpress\/?page_id=234","title":{"rendered":"Gemeinsame Publikationen"},"content":{"rendered":"\n<p>Hier sind Publikationen aufgef\u00fchrt, die aus der Zusammenarbeit im FSP, z.B. instituts- oder fakult\u00e4ts\u00fcbergreifend, entstanden sind.<\/p>\n\n\n\n<p>Neuner, Steffen; Fekete, Alexander; Nehren, Udo (2025).\u00a0Spatial Industrial Accident Exposure and Social Vulnerability Assessment of Industrial Installations in Germany,\u00a0<em>EGU General Assembly 2025<\/em>, Vienna, Austria, 27 Apr\u20132 May 2025, EGU25-19015,\u00a0<a href=\"https:\/\/doi.org\/10.5194\/egusphere-egu25-19015\">https:\/\/doi.org\/10.5194\/egusphere-egu25-19015<\/a>.<\/p>\n\n\n\n<p>Alfonso de Nehren, Sandra et al. 2025\u00a0<a href=\"https:\/\/tibhannover.github.io\/co-site-glossar\/Glossar-des-Projekts-Co-Site.pdf\">Glossar des Projekts Co-Site. Co-Kreation in der Region \u2013 Systemisch und innovativ Transfer entwickeln<\/a>, TH K\u00f6ln, K\u00f6ln: 84.<\/p>\n\n\n\n<p>Cisneros-Vidales, A. A., Palacio-Aponte, \u00c1. G., Algara-Siller, M., &amp; Fekete, A. (2025).&nbsp;<a href=\"https:\/\/www.sciencedirect.com\/science\/article\/pii\/S2772275925000449?via%3Dihub\">Measuring food system resilience in the Peruvian regions of Amazonas and San Mart\u00edn<\/a>.&nbsp;<em>Measurement: Food<\/em>, 100257.<\/p>\n\n\n\n<p>Fekete, A., Frick, C., Beckers, D., Hetk\u00e4mper, C, Holtmann, F., Laux, J., Nehren, U., Ribbe, L., Becker, K. 2024.&nbsp;<a href=\"https:\/\/link.springer.com\/article\/10.1007\/s10708-024-11246-9?utm_source=rct_congratemailt&amp;utm_medium=email&amp;utm_campaign=oa_20241123&amp;utm_content=10.1007%2Fs10708-024-11246-9#citeas\">Measuring transformation concerning climate change and extreme events at the regional level: actor needs and spatial assessment in the Cologne district, Germany<\/a>. GeoJournal 89, 246.&nbsp;<a href=\"https:\/\/doi.org\/10.1007\/s10708-024-11246-9\">https:\/\/doi.org\/10.1007\/s10708-024-11246-9<\/a><\/p>\n\n\n\n<p>Fekete, Alexander; Nehren, Udo. 2024&nbsp;<a href=\"https:\/\/www.sciencedirect.com\/science\/article\/pii\/S2590061724000772?via%3Dihub\">Climate change increased risk of forest fire, winter storm and technical failure risks related to power transmission lines \u2013 a spatial GIS risk assessment at Cologne district, Germany<\/a>. Progress in Disaster Science, 24,&nbsp;<a href=\"https:\/\/doi.org\/10.1016\/j.pdisas.2024.100387\">https:\/\/doi.org\/10.1016\/j.pdisas.2024.100387<\/a><\/p>\n\n\n\n<p>Fekete, Alexander, and Beate Rhein. 2024.&nbsp;<a href=\"https:\/\/www.mdpi.com\/2076-3263\/14\/2\/46\">More Help Was Offered\u2014But Was It Effective? First Responders and Volunteers in the 2021 Flood Disaster in Germany<\/a>&nbsp;<em>Geosciences<\/em>&nbsp;14, no. 2: 46.&nbsp;<a href=\"https:\/\/doi.org\/10.3390\/geosciences14020046\">https:\/\/doi.org\/10.3390\/geosciences14020046<\/a><\/p>\n\n\n\n<p>Fekete, Alexander; Nehren, Udo. 2023.&nbsp;<a href=\"https:\/\/www.sciencedirect.com\/science\/article\/pii\/S2212420923000420\">Assessment of social vulnerability to forest fire and hazardous facilities in Germany.<\/a>&nbsp;International Journal of Disaster Risk Reduction. Available online 26 January 2023, 103562.&nbsp;<a href=\"https:\/\/doi.org\/10.1016\/j.ijdrr.2023.103562\">https:\/\/doi.org\/10.1016\/j.ijdrr.2023.103562<\/a><\/p>\n\n\n\n<p>Fekete, Alexander; Asadzadeh, Asad; Contreras, Diana; Hamhaber, Johannes; Sandholz, Simone; Sett, Dominic (2022)&nbsp;<a href=\"https:\/\/www.taylorfrancis.com\/chapters\/edit\/10.4324\/9780367854584-19\/urban-rural-interdependencies-alexander-fekete-asad-asadzadeh-diana-contreras-johannes-hamhaber-simone-sandholz-dominic-sett\">Urban and rural interdependencies. Infrastructure services<\/a><br>in: McGee, T.K., &amp; Penning-Rowsell, E.C. (Eds.). (2022). Routledge Handbook of Environmental Hazards and Society (1st ed.). Routledge.&nbsp;<a href=\"https:\/\/doi.org\/10.4324\/9780367854584\">https:\/\/doi.org\/10.4324\/9780367854584<\/a>. eBook ISBN 9780367854584 (from 30 June 2022)<\/p>\n\n\n\n<p>Fekete, Alexander; Hetk\u00e4mper, Chris; Norf, Celia (Eds.) (2020)&nbsp;<a href=\"https:\/\/cos.bibl.th-koeln.de\/frontdoor\/deliver\/index\/docId\/888\/file\/IRSR_Volume1_2020_BigWa.pdf\">Bev\u00f6lkerungsschutz im gesellschaftlichen Wandel (BigWa)<\/a>. Integrative Risk and Security Research, 1\/2020, 45 Seiten.<\/p>\n\n\n\n<p>Fekete, Alexander; Hetk\u00e4mper, Chris; Norf, Celia (2020) Bev\u00f6lkerungsschutz im Wandel \u2013 gesellschaftliche und technische Aspekte der Transformationsforschung im Bereich Sicherheit, Gefahrenabwehr und Risikomanagement. IN: Fekete, Alexander; Hetk\u00e4mper, Chris; Norf, Celia (Eds.) (2020)\u00a0<a href=\"https:\/\/cos.bibl.th-koeln.de\/frontdoor\/deliver\/index\/docId\/888\/file\/IRSR_Volume1_2020_BigWa.pdf\">Bev\u00f6lkerungsschutz im gesellschaftlichen Wandel (BigWa)<\/a>. Integrative Risk and Security Research, 1\/2020: 4-7.<\/p>\n\n\n\n<p>Stephan, Christiane; B\u00e4umer, Jan; Norf, Celia; Fekete, Alexander (2018):\u00a0<a href=\"https:\/\/bigwa.web.th-koeln.de\/wordpress\/wp-content\/uploads\/2018\/05\/180514_BigWaUmfrage_Ergebnisbericht.pdf\">Motivation und Eigenschaften aktiver Ehrenamtlicher des Katastrophen- und Bev\u00f6lkerungsschutzes<\/a>. Ergebnisbericht der Online-Umfrage im Rahmen des Forschungsschwerpunktes \u201eBev\u00f6lkerungsschutz im gesellschaftlichen Wandel\u201c (BigWa). TH K\u00f6ln. K\u00f6ln. 29 Seiten.<\/p>\n\n\n\n<p>Stephan, Christiane; Phyllis Bernhardt, Jan B\u00e4umer, Alexander Fekete (2018)&nbsp;<a href=\"mailto:https:\/\/cos.bibl.th-koeln.de\/frontdoor\/index\/index\/docId\/606\">Berufliche Mobilit\u00e4t als Einflussfaktor f\u00fcr die Bereitschaft ehrenamtlicher T\u00e4tigkeit im Bev\u00f6lkerungsschutz. Teilstudie im Forschungsschwerpunkt \u201eBev\u00f6lkerungsschutz im gesellschaftlichen Wandel (BigWa)\u201c<\/a>. In: Stephan C, B\u00e4umer, J, Norf, C &amp; Fekete, A, (Eds.) Forschung und Lehre am Institut f\u00fcr Rettungsingenieurwesen und Gefahrenabwehr. Beitr\u00e4ge aus Forschungsprojekten sowie Perspektiven von Lehrenden und Studierenden. Integrative Risk and Security Research, 1\/2018, 44-60.<\/p>\n\n\n\n<p>Julio-Miranda, Patricia; Cynthia Marisol Pe\u00f1aloza-Guerrero; Udo Nehren; Alexander Fekete; A. Gerardo Palacio-Aponte (2018)&nbsp;<a href=\"https:\/\/link.springer.com\/chapter\/10.1007\/978-3-319-56469-2_18\">Building Community Resilience to Flash Floods: Lessons Learnt from a Case Study in the Valles Urban Area, SLP, Mexico<\/a>. In: Mal, Suraj; Singh, R. B.; Huggel, Christian (eds.) Climate Change, Extreme Events and Disaster Risk Reduction. Towards Sustainable Development Goals. Sustainable Development Goals Series. Springer, Berlin. ISBN 978-3-319-56468-5.<\/p>\n\n\n\n<p>Fekete, Alexander; Mudimu, Ompe Aime; B\u00e4umer, Jan; Brand, Christiane; Eiling, Constantin; Fehn, Karsten; Spieckermann, Holger; Rommelmann, Jens; Grebe, Andreas; Grinda, Christiane; Lechleuthner, Alex; Pappert, Thomas; Schubert, Herbert; Vogt, Carsten (2016) Bev\u00f6lkerungsschutz im gesellschaftlichen Wandel (BigWa). Neue interdisziplin\u00e4re Ans\u00e4tze und Instrumente f\u00fcr Einsatzkr\u00e4fte und Bev\u00f6lkerung. BBK Bev\u00f6lkerungsschutz 3-2016: 31-35.<\/p>\n\n\n\n<p>Fekete, Alexander, Grinda, Christiane, Norf, Celia (2016) Resilienz in der Risiko- und<br> Katastrophenforschung \u2013 Perspektiven f\u00fcr disziplin\u00fcbergreifende Arbeitsfelder, in: Wink, R. (ed.) \u201eMultidisziplin\u00e4re Perspektiven der Resilienzforschung\u201c. \u201eStudien zur Resilienzforschung (Bd. 1)\u201c Springer, Wiesbaden: 215-232. ISBN 978-3-658-09622-9.<span><a href=\"javascript:\"><\/a><\/span><\/p>\n\n\n\n<p>Hufschmidt, Gabriele; Blank-Gorki, Verena; Fekete, Alexander (2016) \u201eWissen\u201c als Ressource: Bedarfe, Herausforderungen und M\u00f6glichkeiten im Bev\u00f6lkerungsschutz. Notfallvorsorge 3\/2016: 19-25.<\/p>\n\n\n\n<p>Schubert, Herbert, Oberwittler, Dietrich, Schartau Lara, Planer, Nina, Nutz, Anna, Spieckermann, Holger, Gerstner, Dominik, Janssen, Heleen, Sicherheitsempfinden \u00e4lterer Menschen im Wohnquartier, Ein Praxishandbuch f\u00fcr die Soziale Arbeit, Verlag Sozial \u2022 Raum \u2022 Management, K\u00f6ln 2016 Bremstahler, Stephanie, Schartau, Lara, Spieckermann, Holger, Bev\u00f6lkerungsschutz im demografischen und gesellschaftlichen Wandel. Good-Practices Analyse: Innovationen zum b\u00fcrgerschaftlichen Engagement in Bev\u00f6lkerungsschutzorganisationen am Beispiel der (Freiwilligen) Feuerwehr, SRM-Arbeitspapier 66, K\u00f6ln 2017<\/p>\n","protected":false},"excerpt":{"rendered":"<div class=\"entry-summary\">\nHier sind Publikationen aufgef\u00fchrt, die aus der Zusammenarbeit im FSP, z.B. instituts- oder fakult\u00e4ts\u00fcbergreifend, entstanden sind. Neuner, Steffen; Fekete, Alexander; Nehren, Udo (2025).\u00a0Spatial Industrial Accident Exposure and Social Vulnerability Assessment of Industrial Installations in Germany,\u00a0EGU General Assembly 2025, Vienna, Austria,&hellip;\n<\/div>\n<div class=\"link-more\"><a href=\"https:\/\/bigwa.web.th-koeln.de\/wordpress\/?page_id=234\" class=\"more-link\"><span class=\"screen-reader-text\"> &ldquo;Gemeinsame Publikationen&rdquo;<\/span> weiterlesen\u00a0&hellip;<\/a><\/div>\n","protected":false},"author":1,"featured_media":0,"parent":0,"menu_order":0,"comment_status":"closed","ping_status":"closed","template":"","meta":{"footnotes":""},"class_list":["post-234","page","type-page","status-publish","hentry","entry"],"_links":{"self":[{"href":"https:\/\/bigwa.web.th-koeln.de\/wordpress\/index.php?rest_route=\/wp\/v2\/pages\/234","targetHints":{"allow":["GET"]}}],"collection":[{"href":"https:\/\/bigwa.web.th-koeln.de\/wordpress\/index.php?rest_route=\/wp\/v2\/pages"}],"about":[{"href":"https:\/\/bigwa.web.th-koeln.de\/wordpress\/index.php?rest_route=\/wp\/v2\/types\/page"}],"author":[{"embeddable":true,"href":"https:\/\/bigwa.web.th-koeln.de\/wordpress\/index.php?rest_route=\/wp\/v2\/users\/1"}],"replies":[{"embeddable":true,"href":"https:\/\/bigwa.web.th-koeln.de\/wordpress\/index.php?rest_route=%2Fwp%2Fv2%2Fcomments&post=234"}],"version-history":[{"count":13,"href":"https:\/\/bigwa.web.th-koeln.de\/wordpress\/index.php?rest_route=\/wp\/v2\/pages\/234\/revisions"}],"predecessor-version":[{"id":377,"href":"https:\/\/bigwa.web.th-koeln.de\/wordpress\/index.php?rest_route=\/wp\/v2\/pages\/234\/revisions\/377"}],"wp:attachment":[{"href":"https:\/\/bigwa.web.th-koeln.de\/wordpress\/index.php?rest_route=%2Fwp%2Fv2%2Fmedia&parent=234"}],"curies":[{"name":"wp","href":"https:\/\/api.w.org\/{rel}","templated":true}]}}

<p>Hier sind Publikationen aufgeführt, die aus der Zusammenarbeit im FSP, z.B. instituts- oder fakultätsübergreifend, entstanden sind.</p>



<p>Neuner, Steffen; Fekete, Alexander; Nehren, Udo (2025). Spatial Industrial Accident Exposure and Social Vulnerability Assessment of Industrial Installations in Germany, <em>EGU General Assembly 2025</em>, Vienna, Austria, 27 Apr–2 May 2025, EGU25-19015, <a href="https://doi.org/10.5194/egusphere-egu25-19015">https://doi.org/10.5194/egusphere-egu25-19015</a>.</p>



<p>Alfonso de Nehren, Sandra et al. 2025 <a href="https://tibhannover.github.io/co-site-glossar/Glossar-des-Projekts-Co-Site.pdf">Glossar des Projekts Co-Site. Co-Kreation in der Region – Systemisch und innovativ Transfer entwickeln</a>, TH Köln, Köln: 84.</p>



<p>Cisneros-Vidales, A. A., Palacio-Aponte, Á. G., Algara-Siller, M., &amp; Fekete, A. (2025).&nbsp;<a href="https://www.sciencedirect.com/science/article/pii/S2772275925000449?via%3Dihub">Measuring food system resilience in the Peruvian regions of Amazonas and San Martín</a>.&nbsp;<em>Measurement: Food</em>, 100257.</p>



<p>Fekete, A., Frick, C., Beckers, D., Hetkämper, C, Holtmann, F., Laux, J., Nehren, U., Ribbe, L., Becker, K. 2024.&nbsp;<a href="https://link.springer.com/article/10.1007/s10708-024-11246-9?utm_source=rct_congratemailt&amp;utm_medium=email&amp;utm_campaign=oa_20241123&amp;utm_content=10.1007%2Fs10708-024-11246-9#citeas">Measuring transformation concerning climate change and extreme events at the regional level: actor needs and spatial assessment in the Cologne district, Germany</a>. GeoJournal 89, 246.&nbsp;<a href="https://doi.org/10.1007/s10708-024-11246-9">https://doi.org/10.1007/s10708-024-11246-9</a></p>



<p>Fekete, Alexander; Nehren, Udo. 2024&nbsp;<a href="https://www.sciencedirect.com/science/article/pii/S2590061724000772?via%3Dihub">Climate change increased risk of forest fire, winter storm and technical failure risks related to power transmission lines – a spatial GIS risk assessment at Cologne district, Germany</a>. Progress in Disaster Science, 24,&nbsp;<a href="https://doi.org/10.1016/j.pdisas.2024.100387">https://doi.org/10.1016/j.pdisas.2024.100387</a></p>



<p>Fekete, Alexander, and Beate Rhein. 2024.&nbsp;<a href="https://www.mdpi.com/2076-3263/14/2/46">More Help Was Offered—But Was It Effective? First Responders and Volunteers in the 2021 Flood Disaster in Germany</a>&nbsp;<em>Geosciences</em>&nbsp;14, no. 2: 46.&nbsp;<a href="https://doi.org/10.3390/geosciences14020046">https://doi.org/10.3390/geosciences14020046</a></p>



<p>Fekete, Alexander; Nehren, Udo. 2023.&nbsp;<a href="https://www.sciencedirect.com/science/article/pii/S2212420923000420">Assessment of social vulnerability to forest fire and hazardous facilities in Germany.</a>&nbsp;International Journal of Disaster Risk Reduction. Available online 26 January 2023, 103562.&nbsp;<a href="https://doi.org/10.1016/j.ijdrr.2023.103562">https://doi.org/10.1016/j.ijdrr.2023.103562</a></p>



<p>Fekete, Alexander; Asadzadeh, Asad; Contreras, Diana; Hamhaber, Johannes; Sandholz, Simone; Sett, Dominic (2022)&nbsp;<a href="https://www.taylorfrancis.com/chapters/edit/10.4324/9780367854584-19/urban-rural-interdependencies-alexander-fekete-asad-asadzadeh-diana-contreras-johannes-hamhaber-simone-sandholz-dominic-sett">Urban and rural interdependencies. Infrastructure services</a><br>in: McGee, T.K., &amp; Penning-Rowsell, E.C. (Eds.). (2022). Routledge Handbook of Environmental Hazards and Society (1st ed.). Routledge.&nbsp;<a href="https://doi.org/10.4324/9780367854584">https://doi.org/10.4324/9780367854584</a>. eBook ISBN 9780367854584 (from 30 June 2022)</p>



<p>Fekete, Alexander; Hetkämper, Chris; Norf, Celia (Eds.) (2020)&nbsp;<a href="https://cos.bibl.th-koeln.de/frontdoor/deliver/index/docId/888/file/IRSR_Volume1_2020_BigWa.pdf">Bevölkerungsschutz im gesellschaftlichen Wandel (BigWa)</a>. Integrative Risk and Security Research, 1/2020, 45 Seiten.</p>



<p>Fekete, Alexander; Hetkämper, Chris; Norf, Celia (2020) Bevölkerungsschutz im Wandel – gesellschaftliche und technische Aspekte der Transformationsforschung im Bereich Sicherheit, Gefahrenabwehr und Risikomanagement. IN: Fekete, Alexander; Hetkämper, Chris; Norf, Celia (Eds.) (2020) <a href="https://cos.bibl.th-koeln.de/frontdoor/deliver/index/docId/888/file/IRSR_Volume1_2020_BigWa.pdf">Bevölkerungsschutz im gesellschaftlichen Wandel (BigWa)</a>. Integrative Risk and Security Research, 1/2020: 4-7.</p>



<p>Stephan, Christiane; Bäumer, Jan; Norf, Celia; Fekete, Alexander (2018): <a href="https://bigwa.web.th-koeln.de/wordpress/wp-content/uploads/2018/05/180514_BigWaUmfrage_Ergebnisbericht.pdf">Motivation und Eigenschaften aktiver Ehrenamtlicher des Katastrophen- und Bevölkerungsschutzes</a>. Ergebnisbericht der Online-Umfrage im Rahmen des Forschungsschwerpunktes „Bevölkerungsschutz im gesellschaftlichen Wandel“ (BigWa). TH Köln. Köln. 29 Seiten.</p>



<p>Stephan, Christiane; Phyllis Bernhardt, Jan Bäumer, Alexander Fekete (2018)&nbsp;<a href="mailto:https://cos.bibl.th-koeln.de/frontdoor/index/index/docId/606">Berufliche Mobilität als Einflussfaktor für die Bereitschaft ehrenamtlicher Tätigkeit im Bevölkerungsschutz. Teilstudie im Forschungsschwerpunkt „Bevölkerungsschutz im gesellschaftlichen Wandel (BigWa)“</a>. In: Stephan C, Bäumer, J, Norf, C &amp; Fekete, A, (Eds.) Forschung und Lehre am Institut für Rettungsingenieurwesen und Gefahrenabwehr. Beiträge aus Forschungsprojekten sowie Perspektiven von Lehrenden und Studierenden. Integrative Risk and Security Research, 1/2018, 44-60.</p>



<p>Julio-Miranda, Patricia; Cynthia Marisol Peñaloza-Guerrero; Udo Nehren; Alexander Fekete; A. Gerardo Palacio-Aponte (2018)&nbsp;<a href="https://link.springer.com/chapter/10.1007/978-3-319-56469-2_18">Building Community Resilience to Flash Floods: Lessons Learnt from a Case Study in the Valles Urban Area, SLP, Mexico</a>. In: Mal, Suraj; Singh, R. B.; Huggel, Christian (eds.) Climate Change, Extreme Events and Disaster Risk Reduction. Towards Sustainable Development Goals. Sustainable Development Goals Series. Springer, Berlin. ISBN 978-3-319-56468-5.</p>



<p>Fekete, Alexander; Mudimu, Ompe Aime; Bäumer, Jan; Brand, Christiane; Eiling, Constantin; Fehn, Karsten; Spieckermann, Holger; Rommelmann, Jens; Grebe, Andreas; Grinda, Christiane; Lechleuthner, Alex; Pappert, Thomas; Schubert, Herbert; Vogt, Carsten (2016) Bevölkerungsschutz im gesellschaftlichen Wandel (BigWa). Neue interdisziplinäre Ansätze und Instrumente für Einsatzkräfte und Bevölkerung. BBK Bevölkerungsschutz 3-2016: 31-35.</p>



<p>Fekete, Alexander, Grinda, Christiane, Norf, Celia (2016) Resilienz in der Risiko- und<br> Katastrophenforschung – Perspektiven für disziplinübergreifende Arbeitsfelder, in: Wink, R. (ed.) „Multidisziplinäre Perspektiven der Resilienzforschung“. „Studien zur Resilienzforschung (Bd. 1)“ Springer, Wiesbaden: 215-232. ISBN 978-3-658-09622-9.<span><a href="javascript:"></a></span></p>



<p>Hufschmidt, Gabriele; Blank-Gorki, Verena; Fekete, Alexander (2016) „Wissen“ als Ressource: Bedarfe, Herausforderungen und Möglichkeiten im Bevölkerungsschutz. Notfallvorsorge 3/2016: 19-25.</p>



<p>Schubert, Herbert, Oberwittler, Dietrich, Schartau Lara, Planer, Nina, Nutz, Anna, Spieckermann, Holger, Gerstner, Dominik, Janssen, Heleen, Sicherheitsempfinden älterer Menschen im Wohnquartier, Ein Praxishandbuch für die Soziale Arbeit, Verlag Sozial • Raum • Management, Köln 2016 Bremstahler, Stephanie, Schartau, Lara, Spieckermann, Holger, Bevölkerungsschutz im demografischen und gesellschaftlichen Wandel. Good-Practices Analyse: Innovationen zum bürgerschaftlichen Engagement in Bevölkerungsschutzorganisationen am Beispiel der (Freiwilligen) Feuerwehr, SRM-Arbeitspapier 66, Köln 2017</p>

<div class="entry-summary">
Hier sind Publikationen aufgeführt, die aus der Zusammenarbeit im FSP, z.B. instituts- oder fakultätsübergreifend, entstanden sind. Neuner, Steffen; Fekete, Alexander; Nehren, Udo (2025). Spatial Industrial Accident Exposure and Social Vulnerability Assessment of Industrial Installations in Germany, EGU General Assembly 2025, Vienna, Austria,&hellip;
</div>
<div class="link-more"><a href="https://bigwa.web.th-koeln.de/wordpress/?page_id=234" class="more-link"><span class="screen-reader-text"> &ldquo;Gemeinsame Publikationen&rdquo;</span> weiterlesen &hellip;</a></div>
